-3*w + 10. Let a be 124/w + 2/8. Calculate the greatest common factor of a and d.
4
Suppose 0 = -10*a + 3*a + 175. Calculate the highest common factor of a and 100.
25
Let g(i) = -i - 18. Let a be g(-13). Let l(w) = -12*w - 4. Let n be l(a). Calculate the highest common divisor of 14 and n.
14
Let x be ((-705)/4)/(-5) + 2/(-8). What is the greatest common factor of 245 and x?
35
Let a = -98 - -137. Suppose 2*j = -j + 78. Suppose -j = -2*l + 5*k, l = -3*k + 12 + 1. What is the greatest common factor of a and l?
13
Let j(t) = -t**2 - 7*t - 1. Let i be j(-6). Let w(p) = p**2 + 10*p + 10. Let f be w(-9). What is the highest common divisor of f and i?
1
Let x(v) = -22*v - 8. Let c be x(-7). Suppose -l = -5*p + c, -p + 14 = -3*l - l. What is the highest common factor of 10 and p?
10
Suppose -5*v - 5*h + 90 = 0, 4*v - 5*h - 82 + 28 = 0. Let c be (-1)/1 + (-5 - -4). Let b = v + c. What is the greatest common factor of 14 and b?
14
Let b = -60 - -148. Calculate the greatest common divisor of b and 8.
8
Let n(v) = 9*v + 21. Let c be n(0). What is the highest common factor of c and 14?
7
Let j(p) = -p**2 - 2*p + 10. Let k be j(-3). What is the greatest common factor of k and 49?
7
Let y(d) = 13*d**2 + d + 1. Let h(m) = -m**2 - 8*m - 9. Let f be h(-6). Let c be y(f). Calculate the highest common factor of c and 11.
11
Suppose -m = -4*l + 9 - 31, -l - 13 = -4*m. Let o be 158 + (m - -1 - 1). Calculate the greatest common divisor of o and 20.
20
Suppose 3*x - j - 9 = 0, 5*x - 5*j - 7 = 8. Suppose 30 = h + 4*h. What is the highest common factor of h and x?
3
Suppose -3*c + 5 = 2. Let z(m) be the third derivative of 3*m**5/20 + m**4/24 - m**3/6 + 2*m**2. Let g be z(c). What is the highest common factor of g and 90?
9
Suppose -s - 4*r + 23 = 0, -5*s + 49 = -7*r + 5*r. Calculate the highest common factor of 44 and s.
11
Suppose h + h = 36. Suppose 3*y - 36 = 3*x, -y - 30 = 4*x + 4*y. Let u be 10/4*(-12)/x. What is the highest common divisor of h and u?
3
Let t be ((-35)/(-2))/(5/20). What is the highest common factor of 14 and t?
14
Let x(t) = t**2 + 8*t - 1. Let o be x(-11). What is the greatest common divisor of 16 and o?
16
Let n(y) = -7*y**3 - y**2 - 2*y - 1. Let l be n(-1). Calculate the highest common divisor of l and 35.
7
Let q(o) = -1 - 5 + o**2 + 2 + 4*o. Let v be q(-5). Let n = v - 0. Calculate the greatest common divisor of 3 and n.
1
Let o = 557 + -397. Calculate the highest common divisor of 32 and o.
32
Let y(s) = s**3 + 6*s**2 + 3*s + 4. Let f be y(-5). Calculate the greatest common factor of 126 and f.
14
Suppose w - 19 = 3*p - 7*p, -5*p = -4*w - 8. What is the greatest common divisor of 16 and p?
4
Suppose -3*t + 5*m = 3*m + 5, -7 = 5*t - 2*m. Let v be t - (-3)/(-6)*4. Let z be 1/v*(-28 + -5). Calculate the highest common factor of z and 44.
11
Let r(s) = -s**3 - 4*s**2 + 2*s - 1. Let k be r(-5). Calculate the highest common factor of k and 14.
14
Let s = 29 + -21. What is the highest common factor of s and 8?
8
Let v = -1 - -1. Let x be (v - 1)*1 - -6. Suppose -51*w = -53*w + 10. Calculate the highest common divisor of w and x.
5
Let t = -5 + 8. Let c(r) = 7*r**2 + 5. Let m be c(t). Calculate the highest common divisor of m and 17.
17
Suppose -n = -2*n + 4. Suppose n*q + 26 = 170. Calculate the greatest common divisor of 4 and q.
4
Let y = 14 + -6. Suppose 3*h - y*h - 50 = 0. Let t be 1/5 - 78/h. What is the greatest common factor of 8 and t?
8
Let s = -8 + 12. Suppose s*u - 3*u - 18 = 0. Let i = 87 - 51. Calculate the greatest common divisor of u and i.
18
Let t(k) = 3*k**2 + 5*k - 3. Let r(w) = -10*w**2 - 16*w + 8. Let l(f) = 2*r(f) + 7*t(f). Let g be l(2). What is the highest common factor of 55 and g?
5
Suppose 4*o + 13 = 2*n + 45, 4*o + 4*n - 8 = 0. Calculate the highest common factor of 42 and o.
6
Suppose 2*q = -2*p + 20, 20 = 2*p - 3*q + q. Let y = 16 + p. Let r = -57 - -96. Calculate the greatest common factor of y and r.
13
Let c(v) = 2*v**2 + 11*v + 7. Let n be c(-11). Suppose -2*g + w + 28 + 2 = 0, -4*w + 8 = 0. What is the highest common factor of n and g?
16
Suppose -g + 29 = 5*x, -x - g = 1 - 10. Let q be ((-82)/(-6))/(1/3). Let a = q - x. What is the greatest common factor of a and 18?
18
Let u be 150/4*18/27. Suppose -6*x = -x - u. What is the greatest common divisor of x and 15?
5
Let u be (-5 - 41/(-4))/((-1)/(-8)). What is the highest common divisor of u and 28?
14
Let z = -2 - -4. Suppose -z*j = -0*j - 16. Calculate the highest common factor of 40 and j.
8
Let b = 142 + -126. What is the greatest common divisor of b and 32?
16
Let l be -1 - (-2 + 2 + -5). Suppose -l*w = w + 35. Let a = w - -22. What is the greatest common divisor of a and 5?
5
Let u = 55 - 19. Suppose -2*k + 2 = -0*k. Suppose k = -3*j + 37. Calculate the highest common divisor of j and u.
12
Suppose 0 = 3*j - 130 - 260. Suppose o + 4*o - j = 0. What is the greatest common factor of 39 and o?
13
Let n(v) = v + 2. Let c be n(0). Let q be (-148)/3*(-3)/c. Suppose -5*d + 226 = -q. What is the greatest common divisor of 20 and d?
20
Let c be 2/(-7) + (-4)/(-14). Let d = c - 0. Suppose 5*b + l - 21 - 32 = d, -3*b + 5*l = -43. What is the highest common factor of b and 11?
11
Suppose -3*u = -0*u + 5*d - 7, u - 5*d - 29 = 0. What is the highest common divisor of u and 9?
9
Let z = -93 - -66. Let v be ((-12)/(-9))/((-3)/z). What is the highest common factor of 72 and v?
12
Suppose -5*l - 3 = -13. Suppose 15 = x + 5*a, 33 + 33 = 2*x - l*a. What is the highest common divisor of x and 75?
15
Let w be 1/3*(7 + -10). Let g(p) = -79*p - 2. Let b be g(w). Calculate the greatest common factor of b and 11.
11
Let v = 43 + -8. Suppose 4*j - 13 = 15. What is the highest common factor of v and j?
7
Let g(i) = 2*i**2 + 2*i - 6. Let y be g(3). Calculate the greatest common divisor of 2 and y.
2
Suppose -89 = -m - 12. Let k(h) = -h - h**2 + 7*h**3 + 2*h**2 + 0*h**2. Let q be k(1). What is the greatest common factor of m and q?
7
Suppose 0*g - 104 = -4*g. What is the highest common factor of g and 26?
26
Suppose -2*h - 9 = -53. What is the greatest common factor of h and 44?
22
Let i(z) = 13*z**2 - z - 2. Let y be i(-2). Let s be ((-52)/6)/((-4)/6). Calculate the greatest common divisor of s and y.
13
Suppose -2*t - 17 = 25. Let j = -9 - t. Calculate the highest common divisor of j and 96.
12
Suppose 3*v - v = 64. Let n be (-1)/(3*(-1)/(-84)). Let k = v - n. Calculate the greatest common divisor of 24 and k.
12
Let x = -6 - -3. Let q(a) = -a**3 - a**2 + 3*a. Let v be q(x). What is the greatest common divisor of v and 6?
3
Let t = 40 + -16. Suppose u + 44 = 3*d, -2 = 2*d - u - 30. What is the highest common factor of t and d?
8
Suppose 5*a - 757 = -152. What is the highest common factor of a and 11?
11
Let f = 132 - 94. What is the highest common factor of 2 and f?
2
Let r = -1 - -2. Let s(w) = 2*w + 41. Let q be s(-19). Calculate the highest common divisor of r and q.
1
Suppose -3*i - 2*i = 5. Let r(n) = -21*n**3 - 1. Let l be r(i). What is the greatest common divisor of l and 5?
5
Let z be 299/6 - 3/((-36)/2). Let s(r) = 20*r. Let f be s(1). Calculate the greatest common factor of z and f.
10
Let j(f) = 16 - 3*f - 3*f - 21 + 5*f. Let s be j(-7). Suppose 2*d - 70 = -3*d. What is the greatest common divisor of d and s?
2
Let r = 34 - 19. Calculate the highest common factor of 3 and r.
3
Let s = -40 - -96. Let h be ((-80)/s)/(2/(-14)). What is the highest common divisor of h and 90?
10
Let v = -93 + 104. What is the greatest common divisor of v and 88?
11
Let g = 121 + 44. Calculate the greatest common factor of g and 11.
11
Let f = 98 - 83. Calculate the greatest common divisor of 15 and f.
15
Let i = -87 - -107. Calculate the greatest common divisor of i and 30.
10
Let x(m) = -m**3 - 3*m**2 + m - 1. Let a be x(-4). Let y(s) = 40*s + 3. Let u be y(6). Let j = 342 - u. What is the highest common factor of j and a?
11
Let d be (-5)/(-1) + -2 - 0. Suppose 0 = -q - 5*s + 50, d*q - 32 = s + 54. Calculate the highest common divisor of 10 and q.
10
Let u(w) = 15*w - 1. Let f be u(7). Suppose 0 = z + g + 54, -3*z - 2*g - f = 53. Let y be ((-16)/8)/(2/z). Calculate the greatest common factor of 7 and y.
7
Suppose 0 = -2*j + 2*v + 200, 5*j - 3*v = 362 + 130. What is the highest common f